667515
Convert -182768 (base 9) to base 5.
-12113444
3783a9 (base 15) to base 8
12113756
-634534 (base 7) to base 9
-176414
What is 42555033 (base 6) in base 15?
19d2cc
What is 11761a (base 15) in base 16?
cbdb8
What is 10a368 (base 11) in base 4?
222223032
What is -504411 (base 9) in base 8?
-1106777
-2312003212 (base 4) to base 15
-eae37
Convert -2020616 (base 8) to base 2.
-10000010000110001110
Convert -11230310032 (base 5) to base 6.
-1133053452
What is -afd49 (base 16) in base 11?
-452109
-370200 (base 9) to base 11
-1427a2
What is 165a86 (base 11) in base 5?
31204411
386217 (base 10) to base 15
7967c
What is -221211110001100 (base 3) in base 16?
-d1785b
Convert -60596 (base 12) to base 16.
-1e942
Convert 50657 (base 10) to base 4.
30113201
Convert -ce8cdc (base 15) to base 16.
-965115
What is -535440 (base 6) in base 2?
-1010101111110000
113c38 (base 16) to base 12
4657b4
Convert -1ad299 (base 16) to base 6.
-101402105
Convert 460113 (base 7) to base 14.
21ab3
358558 (base 10) to base 5
42433213
What is -1040465 (base 8) in base 16?
-44135
Convert -12200210220110 (base 3) to base 6.
-144520020
-1321046 (base 7) to base 6
-3414025
Convert 472283 (base 12) to base 4.
10113120003
What is 211120221110 (base 3) in base 13?
127509
What is -3515085 (base 9) in base 12?
-77754b
Convert -1121202202211 (base 3) to base 11.
-5392a2
-1428506 (base 10) to base 3
-2200120112122
What is -40999 (base 11) in base 14?
-17ac9
What is 26433 (base 11) in base 12?
19a50
Convert -caa1 (base 13) to base 4.
-12320121
What is 1464433 (base 8) in base 16?
6691b
Convert 2122202002210 (base 3) to base 10.
1412148
Convert 112020001022 (base 3) to base 11.
18138a
249644 (base 11) to base 9
658602
What is -66783 (base 14) in base 7?
-2053223
-9c4b0b (base 13) to base 6
-211110335
Convert -102344112 (base 5) to base 4.
-1222001222
-306612 (base 8) to base 3
-12011121021
What is -4b3c3 (base 13) in base 5?
-13422302
What is 98adb4 (base 16) in base 5?
10030142230
10100011001100111000 (base 2) to base 9
1227866
205214 (base 7) to base 14
ccb4
What is -7248184 (base 11) in base 16?
-c33286
-1bb631 (base 14) to base 4
-3302020323
-23774582 (base 9) to base 7
-200536040
Convert -2766c6 (base 14) to base 10.
-1362374
What is -100100000000100100001 (base 2) in base 6?
-41142401
Convert -1131211232 (base 4) to base 10.
-383342
Convert 11100100011000011 (base 2) to base 5.
12220211
-142b58 (base 13) to base 6
-14313051
-6210466 (base 7) to base 6
-23523521
78470 (base 12) to base 14
42268
What is -21351cb (base 13) in base 12?
-348170b
What is -564011 (base 7) in base 6?
-2050045
-11011100000010111110 (base 2) to base 9
-1623325
1102121012 (base 3) to base 12
1434b
-3a33a32 (base 11) to base 15
-92b71e
1bac (base 14) to base 12
2b10
513036 (base 7) to base 4
111113010
Convert -b5ed7d (base 15) to base 5.
-4204002133
What is 221b38 (base 15) in base 13?
44c096
What is -111221101000111 (base 3) in base 15?
-9b4ee1
Convert -111212120220 (base 3) to base 4.
-1002222303
Convert -111115 (base 10) to base 11.
-76534
320221133320 (base 4) to base 3
1000221110102111
What is -32300000 (base 5) in base 13?
-9822b
Convert -505363 (base 11) to base 9.
-1467282
Convert -25616 (base 11) to base 7.
-211640
What is 1240a8 (base 14) in base 7?
5214301
-11430015 (base 6) to base 3
-200101000102
Convert a2137 (base 11) to base 10.
149233
What is -545725 (base 8) in base 10?
-183253
Convert 29671 (base 12) to base 2.
1110001001110101
10110011222 (base 3) to base 15
151db
Convert 742057 (base 9) to base 7.
3514666
What is -1312442352 (base 6) in base 7?
-245655131
-7574425 (base 8) to base 9
-3733373
What is -111002330 (base 6) in base 14?
-3a3486
What is 2220200102 (base 4) in base 10?
690194
What is 30123133 (base 5) in base 6?
5043132
-4447b8 (base 15) to base 8
-14325720
-11722c7 (base 14) to base 13
-19611b6
Convert -1a59aa (base 12) to base 11.
-299341
What is 200444 (base 5) in base 11?
4875
What is -4513445 (base 6) in base 8?
-674445
What is 161215c (base 14) in base 13?
2312132
400515112 (base 6) to base 10
6759764
What is -b59185 (base 12) in base 13?
-790319
Convert -10010010022012 (base 3) to base 4.
-12110033210
Convert -231030213132 (base 4) to base 2.
-101101001100100111011110
3124124 (base 5) to base 6
1035433
11202031423 (base 5) to base 2
101111110011111001110011
What is -210400103 (base 5) in base 15?
-12351d
10022211101102 (base 3) to base 9
3284342
42430140 (base 5) to base 9
605276
95466 (base 15) to base 14
c47b2
What is 2400b1 (base 12) in base 10?
580741
What is 187044 (base 11) in base 14?
76b0c
What is -1101000010101011 (base 2) in base 13?
-1b412
-1053152 (base 6) to base 12
-271b8
14524780 (base 10) to base 12
4a45664
What is 1a98840 (base 12) in base 7?
66146652
Convert 594888 (base 11) to base 14.
1a7b48
Convert -865ba9 (base 15) to base 9.
-13031676
Convert -652846 (base 9) to base 3.
-201202221120
66a224 (base 11) to base 5
233131410
Convert 63357670 (base 8) to base 11.
7685943
1785207 (base 10) to base 9
3320753
Convert 41014041 (base 7) to base 6.
201113023
What is -3184421 (base 11) in base 14?
-a5a4a9
12302130220 (base 4) to base 14
34470c
What is 1010000010101110110101 (base 2) in base 5?
1133221004
What is 10010000100111100011111 (base 2) in base 13?
c9bc69
What is 542032 (base 11) in base 3?
1122000122012
27142 (base 9) to base 7
104324
-200310333 (base 5) to base 16
-c132f
Convert 174617 (base 9) to base 5.
11432034
289d57 (base 15) to base 7
22430632
Convert 1221110001002 (base 3) to base 13.
2a1b32
What is 434312 (base 5) in base 7?
61415
Convert -6c30c1 (base 13) to base 14.
-4b1326
Convert 1723a (base 16) to base 3.
11211000022
-100000010100101000110 (base 2) to base 4
-10002211012
-11344420333 (base 5) to base 3
-220222200000011
Convert -10000001111000 (base 2) to base 8.
-20170
Convert 41352 (base 7) to base 13.
47c4
What is 1111101101011011010 (base 2) in base 3?
222011010212
What is -40685b (base 14) in base 15?
-2ccbc4
Convert 1714978 (base 11) to base 12.
b89a21
Convert -11100100000100000 (base 2) to base 16.
-1c820
-83723a (base 12) to base 15
-2abe14
What is -12313421 (base 6) in base 4?
-1201111111
Convert -236890 (base 10) to base 12.
-b510a
21520703 (base 8) to base 7
54226266
Convert 15284aa (base 11) to base 9.
4828286
What is 23023300 (base 5) in base 2?
110010000000011001
Convert -2a883 (base 16) to base 8.
-524203
What is -32803 (base 12) in base 7?
-365544
Convert 5b01721 (base 12) to base 9.
36221407
Convert 77a31 (base 16) to base 4.
1313220301
Convert -108885 (base 12) to base 2.
-1000000011011100101
What is -1d66a (base 14) in base 13?
-283ba
3425300 (base 6) to base 10
174852
818a (base 13) to base 2
100010111000011
What is 199782 (base 11) in base 8?
1125110
Convert -61114 (base 11) to base 5.
-10324223
What is 20747b7 (base 12) in base 4?
113113121323
Convert 2043321 (base 7) to base 12.
ba4b9
13144121 (base 5) to base 11
8a5a8
What is 114233115 (base 6) in base 16?
210e27
738872 (base 10) to base 13
1cb404
-31d8ec (base 15) to base 4
-21003233313
What is -716664 (base 8) in base 5?
-30040410
What is 20211122012 (base 3) in base 5?
13301400
What is -310402 (base 10) in base 16?
-4bc82
What is 11a2d (base 15) in base 13?
1c813
5530005 (base 8) to base 11
926105
1110220110220 (base 3) to base 4
2333301021
Convert -14043d (base 16) to base 6.
-44041101
Convert 1606673 (base 8) to base 6.
13524043
What is 10000110011111010000 (base 2) in base 11?
346966
What is -10010011110011110 (base 2) in base 6?
-1342210
Convert 42224400 (base 5) to base 7.
2663542
What is 129166 (base 10) in base 2?
11111100010001110
Convert 311231 (base 5) to base 7.
41466
35554422 (base 7) to base 2
1100000010101000010010
What is -1340435 (base 11) in base 14?
-443316
a754c (base 13) to base 12
126862
Convert -257611 (base 16) to base 2.
-1001010111011000010001
-100011001001001000100 (base 2) to base 4
-10121021010
What is 1223313102 (base 4) in base 11?
281a36
What is 45311100 (base 6) in base 10?
1377900
Convert 4159289 (base 10) to base 2.
1111110111011100111001
Convert -10010110010111001110 (base 2) to base 10.
-615886
5c791c (base 13) to base 12
8aa58a
-22cab (base 13) to base 10
-63685
What is 133411110 (base 5) in base 8?
2472143
-42c55 (base 13) to